= 2*a - 40. Let d be ((-12)/(-7))/((-4)/(-42)). Let b = d - a. Calculate the remainder when 22 is divided by b.
6
Suppose d + 6 = -5*f + 2, 0 = 2*d + 4*f - 4. Suppose 470 + 130 = d*x. Calculate the remainder when x is divided by 34.
32
Let d(r) be the second derivative of r**3/6 + r**2/2 + r. Suppose 2 + 6 = u - 5*p, -4*u = 3*p - 9. Calculate the remainder when d(7) is divided by u.
2
Let h be 5247/27 + (-1)/3. Suppose 4*b - 4*x = 220, h = 3*b + 3*x + 5. What is the remainder when b is divided by 15?
14
Calculate the remainder when 119 is divided by 12/(-3)*(-5)/2 - -1.
9
Let v(f) = f**2 - 3*f + 2. Suppose -t + 15 = 2*t. Calculate the remainder when 2/(-10) + 56/t is divided by v(4).
5
Let q = 46 - -23. What is the remainder when q is divided by 14?
13
Suppose -12 = -5*d + 3. Calculate the remainder when 16 is divided by (3/5)/(d/45).
7
Suppose 2*a - 133 = -l - 0*l, 0 = -2*a + 5*l + 115. Let d(k) = -k**3 + 5*k**2 + 9*k - 1. What is the remainder when a is divided by d(6)?
14
Let p(f) = -9*f - 89. What is the remainder when p(-14) is divided by 10?
7
Suppose -4*o + 114 = -2*m - 0*m, -3*m + 53 = 2*o. What is the remainder when o is divided by (-4)/(-5)*(-25)/(-2)?
8
Let s(g) = -g**3 - 2*g**2 + 2. Let q be s(-2). Let r(t) = -2 + t**2 - t**q + t**2. Calculate the remainder when r(-3) is divided by 3.
1
Suppose -2*c - 3 + 11 = 0. Suppose b = 6*b + 2*d - 57, -4*b = 2*d - 46. Calculate the remainder when b is divided by c.
3
Suppose -2*p - 4 = 3*v, 3*p + 4*v = 2*p - 12. Suppose p*c = -c + 65. What is the remainder when 25 is divided by c?
12
Let w(z) = 37*z**2 + z - 3. What is the remainder when w(2) is divided by 37?
36
Suppose -3*u - 2 = -8. Calculate the remainder when u is divided by 1.
0
Suppose -336 = -4*n + 264. What is the remainder when 4/5*n/4 is divided by 16?
14
Suppose -3*q + m - 1 = 3*m, 5*q - 5*m = 40. Suppose -4*y = -5*a + 55, 4*y = 3*a + 2*y - 31. What is the remainder when a is divided by q?
1
Suppose 2*d = 40 - 10. Let l = d - 9. Let p = l - 4. What is the remainder when 3 is divided by p?
1
Suppose -4*k = -n + 28 - 10, -3 = k. What is the remainder when n is divided by 5?
1
Suppose -3*r + 59 + 82 = 0. What is the remainder when 184 is divided by r?
43
Suppose 3*q - 5*q = -3*n, -2*q = 3*n - 12. What is the remainder when (12/(-10))/(1/(-20)) is divided by (-1)/n + 81/6?
11
What is the remainder when 17 is divided by ((-36)/21)/((-15)/(-21) - 1)?
5
Let y(z) = -z**2 - 7*z + 5. Let s = 50 - 20. Calculate the remainder when s is divided by y(-6).
8
Let n = 11 - 2. Suppose 2*y - 27 = y. What is the remainder when (y/6 - 2)*10 is divided by n?
7
Let p(d) = -d**2 - 9*d - 6. Let m be p(-8). Suppose m*l + 1 = 5*k - 1, 0 = 2*k + 8. Calculate the remainder when 35 is divided by 1*l/(-1) + 1.
11
Suppose -2 = 2*l - 8. What is the remainder when 3 is divided by l?
0
Let y = -54 + 67. What is the remainder when 20 is divided by y?
7
Let v = -6 + 10. Suppose v*l - 68 + 16 = 0. Suppose -o + 36 = s, -3*o + 2*s + 88 = -25. Calculate the remainder when o is divided by l.
11
Let t(y) = -y - 2. Let c be t(-4). Suppose 2*v = -c*v + 32. What is the remainder when ((-2)/(-4))/((-1)/(-46)) is divided by v?
7
Calculate the remainder when 149/6 - (-5)/30 is divided by 9.
7
Let k(j) = -5*j - 4. Let r = 49 + -32. What is the remainder when r is divided by k(-2)?
5
Let c = 56 + -39. What is the remainder when c is divided by 5?
2
Let r(d) = -d**3 - d**2 + 15. Suppose 7*t = 2*t + 220. What is the remainder when t is divided by r(0)?
14
What is the remainder when -2 - -4 - 0 - (-25 + 2) is divided by 10?
5
Suppose -5*f + 100 + 35 = 0. What is the remainder when f is divided by 7?
6
Suppose c - 10 = -0*c. Suppose -3*j + 6 = 0, 0 = -5*h - 2*j + 137 + 2. What is the remainder when h is divided by c?
7
Let u(p) = 13*p**2 - 5*p - 1. Calculate the remainder when 46 is divided by u(-1).
12
Let j(h) = h**3 + 7*h**2 - 2. Suppose w + 8 = 2. Let m(k) = -k**2 + k + 12. Calculate the remainder when j(w) is divided by m(0).
10
What is the remainder when 2/(-9) + (-659)/(-9) is divided by 20?
13
Let x(t) = -t**2 + 12*t - 15. What is the remainder when 58 is divided by x(5)?
18
Let o = 15 + -9. Let q = 13 - o. Calculate the remainder when 20 is divided by q.
6
Suppose -2*v = -7*v - 15. Let z be -7*v/(-2 + -1). Let c(k) = k**2 + 3*k + 1. What is the remainder when c(z) is divided by 10?
9
Suppose 5*z - 122 = 328. What is the remainder when z is divided by 24?
18
Let m = -84 + 140. Suppose 0*b + 2*b = m. Suppose -5*f + b = -7. What is the remainder when 13 is divided by f?
6
Let j(f) = -f**3 - 4*f**2 + 4*f - 1. Let c be j(-4). Let w = c + 35. Let u(m) = 3*m + 14. Calculate the remainder when u(7) is divided by w.
17
Let r = -1 - -5. Suppose -49 = -r*q - 3*v, q - 3*v - v = 17. What is the remainder when (-46)/(-2 + 0/(-2)) is divided by q?
10
Suppose 3*m + 7 = -2, 57 = 3*f - 2*m. What is the remainder when f is divided by 10?
7
Let x(g) = -15*g - 39. What is the remainder when x(-6) is divided by 26?
25
Let l(q) = -q**3 - 2*q**2 + 8*q + 4. Let n be l(-6). Suppose -6*x + n = -x. Calculate the remainder when x is divided by 3 + -1 - (-7 + -2).
9
Let j(f) = f**3 - 7*f**2 + 9*f - 4. Let z(v) = v + 6. Let r be z(0). Let k be j(r). Let g = k - -4. Calculate the remainder when 53 is divided by g.
17
Let h = -7 - -40. Let o be 30/(-4)*24/9. Let l = o + h. Calculate the remainder when 49 is divided by l.
10
What is the remainder when (4221/5)/9 - 4/5 is divided by 26?
15
Suppose 26 - 334 = -11*a. What is the remainder when a is divided by 16?
12
Let y be 4/10 - (-102)/(-5). Let o = 33 + y. Suppose 4*g + 4*d - 34 = 2*d, 15 = 5*d. Calculate the remainder when o is divided by g.
6
Suppose 141 = 5*b - 0*b - 2*j, 2*b - j = 56. What is the remainder when b is divided by 10?
9
Let x(f) be the first derivative of -f**4/4 + 5*f**3/3 + 9*f**2/2 - 8*f - 4. What is the remainder when 39 is divided by x(6)?
9
Let p(j) = 20*j - 41. Let n(o) = -7*o + 14. Let t(q) = -17*n(q) - 6*p(q). Let y(z) = z**2 - 7*z + 7. What is the remainder when y(6) is divided by t(7)?
0
Suppose -4*k - 12 = -5*g - k, -8 = -4*g + 4*k. Calculate the remainder when 9 is divided by g.
0
Let j(k) = 2*k**2 - 8*k + 7. Let d(m) = -m + 2. Let o be d(-6). Suppose 40 - o = 2*c. Calculate the remainder when j(6) is divided by c.
15
Let f = 22 + -8. What is the remainder when 20/(-50) - (-127)/5 is divided by f?
11
Let l = -4 + 2. Let z be 111/4 - l/8. Suppose 2*x + 35 = 3*j + 2*j, -z = -4*j - 3*x. Calculate the remainder when j is divided by 4.
3
Let f(i) = i**2 - 4. Let x(s) = 2*s**2 - s - 7. Let h(k) = 7*f(k) - 3*x(k). Calculate the remainder when h(-7) is divided by 11.
10
Suppose 56 = -3*x + 740. Let a = -48 + x. Suppose -q + 3*q = -4*y + 110, -3*q - y = -a. What is the remainder when q is divided by 21?
19
Let w = 56 + -29. What is the remainder when w is divided by 10?
7
Let x = 11 + -6. Suppose -x*z + 79 = -171. Suppose 4*r - z = -d, 3*r = -5*d + 2*r + 269. Calculate the remainder when d is divided by 19.
16
Let u(q) = -6*q - 1. Let s be u(-1). Suppose -18 - 17 = -s*p. Calculate the remainder when p is divided by 4.
3
Suppose 2*i - 56 = 26. Let j(f) = f**3 + 7*f**2 + 6*f - 6. What is the remainder when i is divided by j(-5)?
13
Suppose -4*m + 63 = 11. Calculate the remainder when m is divided by (-75)/(-9) - 2/6.
5
Let i(b) be the first derivative of b**3/3 + b**2/2 + 17*b + 9. Let d(l) = -l**3 - 4*l**2 + 7. What is the remainder when d(-5) is divided by i(0)?
15
Let n(z) be the third derivative of -z**4/8 - z**3/6 + 3*z**2. Suppose 5*g = g + 200. Calculate the remainder when g is divided by n(-6).
16
Let a(g) = -3*g - 6. Suppose -10*b = -11*b + 22. Calculate the remainder when b is divided by a(-6).
10
Let d(z) = 9*z**2 - z. What is the remainder when 29 is divided by d(1)?
5
Suppose -3*c + 12 = 3*f, 0*c = 2*c + 5*f - 14. Let r be 1/c*4/2. Calculate the remainder when 7 is divided by (r - -2)/(3/4).
3
Suppose -4*n + 32 = -0. Suppose 3*u = u - 12. What is the remainder when n is divided by 4/u + 11/3?
2
Suppose 0 = 3*l - 41 + 2. Let p = -8 + l. Suppose 3*d - 4*s = 100, -4*s - p + 1 = 0. Calculate the remainder when d is divided by 17.
15
Calculate the remainder when -2 - -57 - (-2 - 1*-2) is divided by 8.
7
Let d(z) = -5*z + 1. Wh